 Suppose 5*v - 4 = -o + 2, r = 2*v - 4*o - 20. Suppose 2*q - 9*x + 4*x = 183, 0 = -2*x - v. Is q composite?
False
Let y = 9 - -101. Suppose -3*j + 7*j - 88 = 0. Is 2130/j + 20/y composite?
False
Is 72/12 + 34322/2 a composite number?
False
Let y(m) = -10*m**3 - 14*m**2 - 14*m + 7. Is y(-11) a prime number?
True
Suppose 0 = 240*q - 235*q - 25955. Is q prime?
False
Let u(q) = 3*q**2 - 2*q + 1 - 3*q + 2*q. Suppose -3 = -5*o - 3*x + 23, -2*o + 4*x = -26. Is u(o) prime?
True
Let t = 12129 + -7271. Suppose 5*a - 3*a = t. Is a a prime number?
False
Let n(t) = -t**3 - 5*t + 419 - t**2 + 5*t + 3*t. Is n(0) a composite number?
False
Suppose 2*z = -2*m + 3874, 6*z + 1949 = 7*z + 5*m. Is z a prime number?
False
Suppose -2*n - 5 + 13 = 0. Suppose 3*t - 65 = n*s, 5*t = -4*s - s + 85. Is t composite?
False
Suppose c - 1 - 41 = -4*n, -n = -4*c + 100. Let t = 37 - c. Suppose -h + 126 = t. Is h a prime number?
False
Let c be 3 + 3363*-1 + 3. Let x be (2 - 0) + (1 - c). Suppose -5*b + x = 5*l, -5*b - 3*l + 3370 = -0*l. Is b a prime number?
True
Let y(o) = 4*o**3 - 7*o**2 + 4*o + 11. Let f be y(6). Let j = -300 + f. Is j a prime number?
True
Let v = -3737 + 5735. Suppose 3*o - o - v = 0. Suppose -4*f = 187 - o. Is f prime?
False
Let j(m) = 8*m**2 - m + 1. Let o be j(1). Let b be 9/(1*(-12)/o). Let s(p) = -16*p - 13. Is s(b) a prime number?
True
Suppose 588 = 5*y - 3252. Suppose 0*i = 4*b - i - 19, -4*i + 50 = 5*b. Suppose z + 1 = 0, 2*u = b*u - 4*z - y. Is u composite?
False
Let d be (1/2)/((-5)/(-220)). Suppose 5*y = 193 + d. Suppose 2*c - y + 3 = -2*i, 4*c = -5*i + 95. Is i a prime number?
False
Let x(i) = -248*i - 9. Let u be x(-2). Let t = 27 - 221. Let s = u + t. Is s a prime number?
True
Let r = 18 - 18. Suppose 4*u - 3*y - 2*y - 34 = r, 6 = 2*u + 3*y. Let m = u + 0. Is m a composite number?
True
Let k(s) = -3*s**2 + s - 2. Let z be k(1). Let y(g) = -2*g**3 + 3*g**2 + 4*g - 6. Let n(w) = -w**3 - w**2 - w + 1. Let x(o) = 5*n(o) + y(o). Is x(z) prime?
True
Let m be (1/(-4))/((-21)/84). Suppose -m + 12 = s + 4*a, a - 2 = 0. Suppose 5*p = -i + 3207, 0 = 2*p + 2*i + s*i - 1292. Is p prime?
True
Let m(c) = c**3 + 10*c**2 + 7*c + 3. Let j be m(-9). Let p = -37 + j. Is -398*4/p*2 composite?
False
Let g(l) = l**3 + 15*l**2 + 7*l + 5. Let p(d) = -d**3 + 4*d**2 + 3. Let o be p(4). Suppose -4*z + 5*k = 19, -o*z = -0*k + 3*k + 21. Is g(z) composite?
True
Let q(t) be the first derivative of 2*t**4 + 7*t**3/3 - 3*t**2 - 8*t - 5. Is q(7) a composite number?
False
Suppose -7*u - 5*h - 918 = -3*u, 4*u = -2*h - 924. Let d = 605 + u. Is d composite?
False
Suppose -4*j - b = -48 + 473, -445 = 4*j + 5*b. Let f be (75 - (-1 + 0))/(12/30). Let t = j + f. Is t a prime number?
False
Is ((-6)/(-9))/(24/161964) a prime number?
False
Is -8 + (-8 - 3) + 7808 composite?
False
Suppose -2*g = 9 + 5. Let p = 10 + g. Is (7 - -2)/p*47 a composite number?
True
Let k(g) = g**3 + 8*g**2 - 2*g - 9. Let d be k(-8). Let x(n) = -n**3 + 4*n**2 + 5*n - 1. Let c be x(d). Is 4 - c - (3 - -1) prime?
True
Let h be (12*75/(-2))/(1 - 2). Let f = h - 203. Is f a composite number?
True
Let h = 121 - 263. Let y = -75 - h. Is y a composite number?
False
Suppose -5*j - 10 = 2*h, j - 2*j + 5*h = -25. Suppose j = -5*t + 832 + 4383. Is t a prime number?
False
Suppose 14 - 5 = -3*p. Is p*(-3)/27*663 a prime number?
False
Let r be (-220)/((-1 - -4)/(-12)). Let s = -519 + r. Is s a prime number?
False
Let p(c) = 3044*c - 583. Is p(28) a composite number?
False
Let l be (-1)/(((-1)/(-2))/((-20913)/(-6))). Let u = l - -11356. Is u a prime number?
False
Let w(o) = 2*o**2 + 3*o + 6. Let r be w(-4). Let v(p) = -p**3 + 4*p**2 - p - 3. Let d be v(3). Suppose 2*x - d*x = -r. Is x composite?
True
Let w be 4/(-1 + -3) - -3. Is 3162/15 + w/10 composite?
False
Suppose -14*v - v + 10785 = 0. Is v a prime number?
True
Is (-1)/(-4) - (-62855)/20 a prime number?
False
Suppose 27 = 5*n - 2*n - m, 15 = 5*m. Let f(b) = 6 - n*b + 7 - 4. Is f(-7) composite?
False
Let n(g) = -g + 16. Suppose -7 - 3 = -5*f + 5*z, -z - 16 = -3*f. Let b be n(f). Suppose -7*k - 412 = -b*k. Is k a composite number?
True
Let t(u) be the first derivative of u**3/3 - 3*u**2 - 3*u - 1. Is t(-8) composite?
False
Suppose -1 = -7*y - 15. Is y + -1 + 255 - (-3 - -2) prime?
False
Let i(x) be the third derivative of 611*x**5/60 - x**4/3 - 11*x**3/6 - 14*x**2. Is i(-2) a composite number?
True
Let h(l) = l**2 - 8*l + 10. Let o be h(7). Suppose z - o*p = 601, 0*p = 4*z + 4*p - 2468. Is z prime?
True
Let t be 21*((-860)/(-12) + -3). Let u = -655 + t. Is u prime?
True
Let m(h) = 3*h**3 + 51*h - 7*h**2 - 1 - 44*h - 4*h**2. Is m(8) composite?
False
Let q(f) = f**3 - 3*f**3 - f**2 - 3 + 0*f**3 - 5*f. Suppose 2*i + 14 = -3*d, 2*d + 5*i + 32 - 8 = 0. Is q(d) prime?
True
Suppose -7599 = -5*m + 17896. Is m prime?
True
Is 0 + (-139930)/(-5) + -2 + -1 a prime number?
True
Let g(w) = w + 5. Let h be g(0). Suppose 5*a + 1405 = -h*v, 2*v + 2*a = 6*v + 1094. Is v/(-9) + (-6)/(-18) a prime number?
True
Is 8636/(-102)*(-141)/2 prime?
False
Let o = -3801 + 6374. Is o a prime number?
False
Let w(x) = 151*x**3 - 4*x**2 + 4*x - 4. Is w(3) composite?
False
Suppose 3*w - 2*k = 7*w - 3716, k + 1862 = 2*w. Suppose 5*s = 8*s - w. Suppose z = s + 331. Is z a prime number?
True
Let z = -9 + 5. Let a be 2 + z - -4 - 8. Is (0 - -10)*(-6)/a a composite number?
True
Let n = 888 + 58. Suppose -3*b - 5*o = -b - 397, n = 5*b - 3*o. Is b composite?
False
Let i be -10 + (2 - 4/2). Is 2613/33 - i/(-55) a prime number?
True
Let z(c) = -4*c**3 - 78*c**2 + 4*c + 47. Is z(-21) prime?
True
Suppose 12 + 4 = -4*a, 0 = -3*h + 5*a + 47. Is (-280)/(-6) - (-3)/h prime?
True
Let a = 173 + -84. Is a prime?
True
Is (388/(-6) - 0)/(2/(-717)) composite?
True
Let f(g) = -5*g**2 + 9*g - 7. Let n be f(7). Let i = n + 378. Suppose -w + i = m, 3*m - w - 3*w - 553 = 0. Is m a prime number?
False
Let d be 36/14 + (-30)/(-70). Let i(g) = 2*g**2 - g**2 + 5*g - 2*g + 3 - 41*g**d. Is i(-2) composite?
True
Is (19466/(-3))/(94/(-141)) a composite number?
False
Suppose 6*s - 3*s = 4716. Suppose 3*j = 447 + s. Suppose -390 = -5*n + 2*n + 4*l, -5*n - l + j = 0. Is n a composite number?
True
Suppose -74*x + 16 = -70*x. Suppose 4*h + x*m - 80 = 0, 2*h + 4*m + m - 31 = 0. Is h prime?
True
Let f be (1094 + 1)*14/21. Let j = f - 239. Suppose -4*m + j = 67. Is m composite?
True
Suppose 2*u = -2*u + 24. Let r be (-1)/(-3) + 16/u. Suppose q = -2, r*c - 6*q + 2*q = 431. Is c prime?
False
Let j(v) = 60*v**2 + 25*v - 101. Is j(16) prime?
False
Suppose 3*g - 45 = -2*g - 5*o, -5*o + 39 = 4*g. Is 294 - (g/2)/(-3) a composite number?
True
Let b = 63 - 65. Is (-7)/((-84)/6752) - b/6 prime?
True
Is 2/6 + (-149006)/(-39) a composite number?
False
Suppose -40*j + 104979 = -205541. Is j composite?
True
Let a(g) = 320*g**2 + 4*g + 3. Let z = 73 - 74. Is a(z) a prime number?
False
Let j = 591 - -285. Suppose j + 885 = 3*u. Is u a prime number?
True
Let h(q) = -q**3 + 8*q**2 - 8*q + 11. Let i be h(7). Suppose -3*k + 104 = -i*k. Let o = 153 + k. Is o a composite number?
True
Suppose 2*z + 5*i - 6 = 9, 9 = -3*z + 3*i. Suppose -p + 1 - 159 = z. Let s = 89 - p. Is s a prime number?
False
Let r be ((-4)/(-8))/((-2)/(-8)). Suppose -10 = 2*q, 3*u + 2*u = r*q + 45. Let z = 216 + u. Is z prime?
True
Let h(y) = -y + 29. Let a be h(25). Suppose a*t - 3613 = 3*p, -p = 4*t + 3*p - 3648. Is t a composite number?
False
Let a = 417 + 136. Let w = a - 260. Is w a composite number?
False
Suppose -113*p - 279 = -112*p. Suppose 924 = 2*r - 5*u - 536, 5*u - 3650 = -5*r. Let z = r - p. Is z composite?
False
Let w(g) = -3*g + 43. Is w(-5) a prime number?
False
Is (-1424730)/20*(21/9 + -3) a prime number?
True
Let j = 121 + 1480. Suppose 0 = 5*a - 3974 - j. Is a prime?
False
Let b = -11044 + 19191. Is b a prime number?
True
Let r(s) be the first derivative of s**3 + 2*s**2 + 35*s + 52. Is r(-10) composite?
True
Is 1/4*(-33)/(693/(-1257396)) a prime number?
True
Suppose -6 = -10*u + 84. Suppose -3245 + 482 = -u*y. Is y composite?
False
Let r(t) = t**3 + t**2 - t + 3. Let j be r(0). Suppose 3*a - 3*d = 741, -5*d + d + 748 = 3*a. Suppose -j*f - f + a = 0. Is f prime?
False
Suppose -13331 = -4*y + 22689. Is y a composite number?
True
Let n(c) = 2679*c - 44. Is n(3) composite?
False
Let 